common divisor of 95 and y.
19
Let i = -42 + 98. Calculate the greatest common factor of i and 8.
8
Let o = 16 - 13. Suppose 0*x + o*x - 288 = 0. What is the highest common divisor of 12 and x?
12
Suppose 134 = 4*q + c, -q - 4*c + 173 = 4*q. Let j = -13 - -18. Suppose -2*t = -5*p - 4*t + 17, j*p = -4*t + 19. What is the greatest common divisor of q and p?
3
Let k(m) = -m - 2. Let q(p) = -2*p**2 - 1. Let w be q(-1). Let n be k(w). Let j be (1 - -9*n) + -2. What is the highest common factor of 4 and j?
4
Let s = 26 - 1. Suppose 0 = -4*o - t + 5, -5*t - s = o - 6*o. What is the highest common factor of o and 18?
2
Suppose 0 = -4*m + q + q + 18, 5*m = -5*q. Let a(v) = -v**2 - 8*v - 6. Let c be a(-6). What is the highest common factor of m and c?
3
Let l = -10 - -19. Calculate the highest common divisor of l and 36.
9
Suppose -16 = -c + 3. Let k = 35 - c. What is the highest common divisor of k and 16?
16
Let h = 89 - -118. Suppose -5*a + 47 = -3*t + h, 5*a = 2*t - 110. Suppose 0 = -r + 10. What is the greatest common factor of r and t?
10
Suppose -2*d = -6, -5*m = 2*d + 3*d - 25. Suppose -2*r - 10 = 0, 0*t - 3*r - 7 = t. Calculate the greatest common divisor of m and t.
2
Let z be (4 - 2)*9 + -2. Suppose 4*i - 120 = -z. What is the highest common factor of i and 104?
26
Let r(d) = 109*d**3 + 2*d**2 - 2*d + 1. Let w be r(1). Let h = 0 + 11. Calculate the highest common divisor of w and h.
11
Let p = 33 - 23. What is the highest common factor of 15 and p?
5
Let o = 15 - 0. Let g(f) = f**2 + 10*f + 6. Let x be g(-10). Let z(r) = r**2 - 4*r + 3. Let y be z(x). What is the highest common factor of y and o?
15
Let j(d) = -7*d - 2. Let q be j(-6). Suppose -3*b + q = b. What is the highest common divisor of b and 110?
10
Let r(a) = -2*a + 2. Let c be r(0). Suppose 3*g - 2 = c*g + 4*x, -3*g + 6 = 2*x. What is the highest common factor of g and 2?
2
Suppose 0 = 5*g - g - 12. Let r(b) = 3*b**3 - 4*b**2 + b - 3. Let d be r(g). What is the greatest common factor of d and 18?
9
Let y(k) = -2*k + 1. Let v be y(-5). Let j(l) = 6*l - 6. Let g be j(v). Calculate the highest common factor of 12 and g.
12
Suppose 5*j - 4*j = 6. Let h(t) = t**3 - 6*t**2 + 5*t - 4. Let o be h(j). Calculate the greatest common divisor of o and 130.
26
Let b = -18 - -25. What is the highest common divisor of b and 35?
7
Let h(c) be the first derivative of c**2/2 + 7*c - 1. Let j be h(5). Suppose 5*i - 2*i = j. Calculate the highest common divisor of 20 and i.
4
Suppose -3*z = 4*s - 222, s + 146 = 2*z + 3*s. Suppose -2*o = -3*o + z. Let h = -10 - -20. Calculate the greatest common divisor of h and o.
10
Let a = -11 + 5. Let w be -1 - -9 - a/3. What is the greatest common divisor of w and 10?
10
Suppose 3*z + 11 = 26. What is the highest common factor of z and 1?
1
Let s(b) = -2*b**2 + 44*b + 2. Let p be s(22). What is the greatest common divisor of 2 and p?
2
Suppose 0 = -2*f - 4. Let g be (16 + f)*(-12)/(-8). What is the greatest common divisor of 7 and g?
7
Suppose -y + 2428 = 4*y - 2*c, 0 = -5*y + 4*c + 2436. Suppose -5*i - 3*n + y = 0, -4*i - 5*n + 382 = -0*i. What is the highest common divisor of 14 and i?
14
Let v = 8 - 1. What is the highest common factor of 49 and v?
7
Suppose 2*x = 3*v - 12, -5*v - 2*x = -0*v - 20. Let c(m) = m**2 - 3*m + 6. Let d be c(v). What is the highest common divisor of 30 and d?
10
Suppose f = -2*f - 18. Let j be 1*(1 - -1) + 17. Let l = j + f. What is the greatest common divisor of l and 39?
13
Let d(w) = 27*w**2 + 2*w - 1. Let x be d(1). Suppose 4*q - x = 2*q. Let s(k) = -38*k + 2. Let v be s(-4). What is the greatest common divisor of v and q?
14
Let p be (150/(-4))/((-3)/8). Suppose -5*u + 355 = 5*g, -5*g - 3*u + 225 = -128. Suppose -g = -2*b + p. Calculate the greatest common divisor of b and 34.
17
Let v(w) = w**2. Let g be v(0). Let z(m) = 11 - 2 - 2*m**2 + m + 3*m**2. Let u be z(g). Calculate the greatest common divisor of u and 27.
9
Let d(a) = 3*a - 4. Let h be d(2). What is the highest common factor of 2 and h?
2
Suppose 0 = p + 3*p - 48. Let k(w) = -w**3 - 16*w**2 - 4*w - 16. Let b be k(-16). What is the greatest common factor of b and p?
12
Let r = 14 - -18. Let g = -26 + 46. Let j = -12 + g. What is the highest common divisor of r and j?
8
Suppose 9 + 1 = 5*g. Suppose 4*n + 2 = g*p + 2*n, 0 = 5*p - 4*n - 6. Let y = 18 - 8. What is the greatest common factor of p and y?
2
Suppose -7*l + 3*l = -320. Calculate the highest common divisor of l and 20.
20
Suppose -2*y - 4*r = -548, -r = 2*y - 3*r - 566. Calculate the highest common divisor of y and 40.
40
Suppose 3*y + 5*u = -2*y + 75, -3*y + 24 = -4*u. What is the highest common divisor of 6 and y?
6
Let i(k) = -k**3 - 2*k**2. Let d be i(-2). Suppose d*g = 3*g - 9. Suppose -g*c + 2*c + 18 = 0. What is the highest common factor of 27 and c?
9
Suppose -11*z + 3*z = -280. Calculate the highest common divisor of 5 and z.
5
Suppose -2*h = -3*p + 15, -3*h + 10 = -0*p + 2*p. Let k = p + 2. Calculate the highest common divisor of k and 21.
7
Let f = 170 + -152. What is the highest common factor of 9 and f?
9
Let m(q) = q**2 + 14*q + 7. Suppose 20 = -6*w + 4*w + 5*h, 5*w - h + 73 = 0. Let a be m(w). Calculate the highest common factor of a and 66.
22
Let q be (1/(-2))/((-4)/24). Let w(x) be the third derivative of 5*x**4/24 - 5*x**3/6 - x**2. Let a be w(4). Calculate the greatest common factor of q and a.
3
Suppose -193 - 147 = -10*c. Calculate the greatest common factor of 85 and c.
17
Let r be (6/10)/((-2)/(-10)). Suppose -2*p + 5*q = -41, 3*p = -r*q + 2*q + 104. Suppose 0 = 3*k + 2 - 35. Calculate the greatest common factor of k and p.
11
Let m(t) = -t**2 + t + 2. Let c be m(0). Let l be 1 - (-3 - (1 - 1)). Suppose -q = q - l. What is the highest common factor of q and c?
2
Let q be 2/4 - (495/(-18) - -2). What is the greatest common divisor of 182 and q?
26
Suppose 0*g + 70 = 5*g. Suppose 252 = 3*x - x. Calculate the highest common divisor of x and g.
14
Let t(v) = 2*v**2 - 3*v + 4. Let l be t(-3). Let p be l + (-2 + 5)*-1. Let x = -4 + 11. What is the greatest common factor of p and x?
7
Let l = -1 + 3. Let i = 109 + -93. What is the greatest common factor of i and l?
2
Let v = -2 - -8. Calculate the greatest common divisor of v and 12.
6
Suppose -4*s - 36 = -7*s. Calculate the greatest common factor of 192 and s.
12
Suppose 378 = 5*a - u, -a + 4*u = -4 - 83. What is the highest common divisor of a and 15?
15
Let k be ((-5)/(-2))/((-3)/6). Let v = 11 + k. Calculate the highest common divisor of 30 and v.
6
Let r = 50 - 36. What is the highest common factor of 182 and r?
14
Suppose 5*a - 18 = 4*a. Let i = 21 + -9. Calculate the greatest common divisor of a and i.
6
Suppose o = -m - 4*o - 49, 111 = -4*m - 3*o. Let r = m - -40. What is the greatest common divisor of r and 128?
16
Suppose -5*i - 7 = -3*j, -2 + 5 = j - i. Let r be ((-15)/j)/((-6)/16). Let p = 30 - 20. What is the greatest common factor of r and p?
10
Suppose -5*c + 71 = -2*d, c + d - 28 = 6*d. Calculate the greatest common factor of c and 143.
13
Suppose -380 = -3*p - p. Suppose 31 - p = -2*l. Suppose -28 = -i + 5*b, 3*i - b - b = 136. What is the highest common divisor of l and i?
16
Let q be ((-6)/(-3) + -1)*-1. Let k be 2 - (1 - q) - -241. Suppose -k = -4*d - v, 0 = 4*d + 4*v + v - 245. Calculate the highest common divisor of d and 24.
12
Let g(a) = -2*a**2 + 2*a + 6. Let k be g(3). Suppose p + 0*p - 8 = 0. Let r be ((-228)/8)/(k/p). What is the greatest common factor of 57 and r?
19
Suppose 13 = o + 1. Suppose 3*i - o = 5*i. Let a = i + 9. Calculate the highest common divisor of a and 24.
3
Let w(o) = o**2 + 9*o - 28. Let j be w(-13). Suppose 3*z - 11 + 2 = 0. Calculate the highest common factor of z and j.
3
Suppose 2*j + 5*m = 42 - 11, -4*m + 14 = -2*j. Calculate the greatest common factor of 2 and j.
1
Let s be 20/3 + (-4)/6. Let j = -5 + s. Calculate the highest common factor of 4 and j.
1
Let j be (-2 - -67) + 8 + -3. What is the highest common divisor of j and 28?
14
Let d(u) = -u**3 + 14*u**2 - 13*u + 15. Let w be d(13). Suppose 4*m - 13 = w. Calculate the greatest common divisor of 63 and m.
7
Let c = -5 + 33. Suppose 0 = 2*a + 3*a - 20. What is the greatest common divisor of c and a?
4
Let g be ((-14)/(-21))/(2/6). Suppo